28 a multiple of 304?
True
Is 69 a factor of 1492332?
True
Is 189756 a multiple of 21?
True
Is 10 a factor of 364060?
True
Is 2 a factor of 795880?
True
Is 10 a factor of 1746810?
True
Is 2608554 a multiple of 159?
True
Is 1168257 a multiple of 144?
False
Is 52652 a multiple of 5?
False
Is 558306 a multiple of 1477?
True
Does 101 divide 1911627?
True
Does 11 divide 1577272?
False
Does 792 divide 933768?
True
Is 671895 a multiple of 553?
True
Is 40864 a multiple of 5?
False
Does 623 divide 445215?
False
Is 294 a factor of 427113?
False
Is 14759090 a multiple of 99?
False
Is 7 a factor of 3309406?
False
Is 5 a factor of 56687?
False
Does 315 divide 20160?
True
Is 101320 a multiple of 68?
True
Does 29 divide 1220712?
False
Is 9594783 a multiple of 34?
False
Does 58 divide 679238?
True
Does 46 divide 43319?
False
Is 40 a factor of 174452?
False
Is 1437248 a multiple of 272?
True
Is 108517 a multiple of 15?
False
Is 1714465 a multiple of 33?
False
Is 1414520 a multiple of 40?
True
Does 19 divide 1117849?
False
Is 4 a factor of 14476?
True
Is 1605 a factor of 6606415?
False
Is 116368 a multiple of 7?
True
Is 2269785 a multiple of 173?
False
Does 11 divide 3283507?
False
Does 49 divide 174979?
True
Does 110 divide 1191300?
True
Is 98784 a multiple of 147?
True
Does 24 divide 285241?
False
Is 18 a factor of 1163016?
True
Does 14 divide 694596?
True
Is 19665091 a multiple of 499?
True
Is 67 a factor of 700083?
True
Is 295106 a multiple of 14?
True
Does 7 divide 16198?
True
Does 16 divide 28492?
False
Is 5 a factor of 1617664?
False
Does 368 divide 32656?
False
Is 14627064 a multiple of 12?
True
Is 14648180 a multiple of 18?
False
Is 12 a factor of 52572?
True
Is 478 a factor of 995199?
False
Is 910 a factor of 7330050?
True
Does 4 divide 243648?
True
Does 5 divide 9045446?
False
Is 63 a factor of 606501?
True
Is 77 a factor of 31730?
False
Does 176 divide 136224?
True
Is 310 a factor of 6164970?
True
Is 319 a factor of 430969?
True
Is 33 a factor of 3599739?
True
Does 15 divide 582549?
False
Is 221346 a multiple of 54?
True
Does 52 divide 19496932?
True
Is 82 a factor of 1113560?
True
Is 66 a factor of 108167?
False
Does 47 divide 199938?
True
Does 18 divide 588168?
True
Is 13 a factor of 16360495?
False
Is 2941714 a multiple of 31?
True
Does 303 divide 1577414?
False
Is 13 a factor of 1003985?
False
Does 37 divide 960221?
False
Is 29 a factor of 932916?
False
Is 11 a factor of 339405?
True
Does 7 divide 738808?
True
Is 368 a factor of 670890?
False
Does 4 divide 2212057?
False
Is 9 a factor of 9700704?
True
Does 71 divide 19103222?
False
Is 339 a factor of 96276?
True
Is 1045 a factor of 1153762?
False
Does 15 divide 635846?
False
Does 82 divide 18860?
True
Is 1291643 a multiple of 26?
False
Does 35 divide 196058?
False
Is 15 a factor of 2584785?
True
Is 47061 even?
False
Does 37 divide 798571?
True
Does 1727 divide 6726306?
False
Does 116 divide 502424?
False
Is 55 a factor of 289562?
False
Is 16461 a multiple of 53?
False
Does 7 divide 18882?
False
Is 114119 a multiple of 100?
False
Is 88183 a multiple of 3?
False
Is 6607944 a multiple of 196?
True
Is 26906616 a multiple of 21?
False
Does 25 divide 153579?
False
Is 91020 a multiple of 205?
True
Is 104 a factor of 322988?
False
Is 64422 a multiple of 6?
True
Does 108 divide 307001?
False
Is 162070 a multiple of 63?
False
Is 380 a factor of 3186430?
False
Does 8 divide 374005?
False
Is 10161439 a multiple of 284?
False
Is 170 a factor of 2312?
False
Is 371 a factor of 13248410?
True
Is 4 a factor of 4352?
True
Is 3433068 a multiple of 94?
True
Is 2 a factor of 1165847?
False
Is 904103 a multiple of 278?
False
Is 14 a factor of 62011?
False
Is 1315038 a multiple of 183?
True
Is 106 a factor of 449712?
False
Does 13 divide 57062?
False
Is 24422 a multiple of 3?
False
Is 9 a factor of 2673763?
False
Is 203 a factor of 498467?
False
Does 62 divide 1131376?
True
Is 18 a factor of 129110?
False
Is 167 a factor of 1205573?
True
Is 17 a factor of 19252?
False
Is 15 a factor of 15315?
True
Is 901866 a multiple of 950?
False
Is 613 a factor of 1987369?
False
Is 1080960 a multiple of 160?
True
Is 10072 a multiple of 4?
True
Does 26 divide 200252?
True
Is 169117 a multiple of 24?
False
Is 68470 a multiple of 49?
False
Is 1030871 a multiple of 9?
False
Is 53 a factor of 1348161?
True
Is 2141618 a multiple of 866?
True
Does 98 divide 1097165?
False
Is 2542330 a multiple of 192?
False
Is 3 a factor of 16536?
True
Does 592 divide 365571?
False
Is 328 a factor of 944929?
False
Is 27 a factor of 1978084?
False
Is 265234 a multiple of 5?
False
Does 41 divide 14488621?
True
Is 19 a factor of 1582073?
True
Is 38 a factor of 300472?
False
Is 4 a factor of 1320976?
True
Is 696147 a multiple of 4?
False
Is 2 a factor of 523380?
True
Does 2 divide 228140?
True
Is 36738 a multiple of 26?
True
Is 253598 a multiple of 63?
False
Does 53 divide 1929017?
False
Does 116 divide 1007775?
False
Does 3 divide 3021830?
False
Is 305578 a multiple of 598?
True
Does 53 divide 935609?
True
Is 1586825 a multiple of 18?
False
Does 10 divide 584218?
False
Is 15 a factor of 225275?
False
Is 18 a factor of 7104798?
True
Is 4 a factor of 169884?
True
Does 9 divide 7356897?
True
Is 707560 a multiple of 56?
True
Is 2334017 a multiple of 74?
False
Is 1052624 a multiple of 23?
False
Is 2180783 a multiple of 12?
False
Is 73394 a multiple of 3?
False
Is 484309 a multiple of 34?
False
Does 121 divide 810497?
False
Is 69 a factor of 68362?
False
Is 20 a factor of 338880?
True
Is 5225022 a multiple of 102?
False
Is 127 a factor of 342469?
False
Is 96 a factor of 630912?
True
Is 205 a factor of 4333905?
True
Is 135616 a multiple of 3?
False
Is 194 a factor of 230033?
False
Is 1053 a factor of 12507459?
False
Does 167 divide 1619399?
True
Does 14 divide 154560?
True
Is 90 a factor of 116450?
False
Does 6 divide 210864?
True
Does 99 divide 49107?
False
Is 32 a factor of 1438880?
True
Does 149 divide 402598?
True
Is 2213434 a multiple of 9?
False
Is 32225 a multiple of 5?
True
Does 877 divide 3750929?
True
Does 1563 divide 695434?
False
Is 86360 a multiple of 85?
True
Is 117083 a multiple of 76?
False
Is 116655 a multiple of 52?
False
Is 104360 a multiple of 38?
False
Does 206 divide 105472?
True
Is 603 a factor of 1082252?
False
Does 3 divide 133041?
True
Is 562637 a multiple of 12?
False
Is 63 a factor of 278082?
True
Does 480 divide 1061002?
False
Is 55 a factor of 106382?
False
Does 18 divide 1827101?
False
Does 24 divide 174768?
True
Is 10 a factor of 5400889?
False
Is 11 a factor of 8461288?
True
Is 502106 a multiple of 11?
True
Is 2 a factor of 6554?
True
Is 121480 a multiple of 26?
False
Does 24 divide 3938706?
False
Is 7 a factor of 2462766?
False
Is 112903 a multiple of 72?
False
Is 12 a factor of 3135624?
True
Is 2 a factor of 23701?
False
Does 28 divide 21685?
False
Is 38 a factor of 184300?
True
Does 2 divide 70029?
False
Is 93 a factor of 53475?
True
Is 162 a factor of 126684?
True
Does 22 divide 18365336?
True
Does 315 divide 2547487?
False
Is 248193 a multiple of 63?
False
Does 44 divide 957864?
False
Is 46 a factor of 3721706?
False
Is 13 a factor of 350857?
True
Is 9092832 a multiple of 16?
True
Does 36 divide 303397?
False
Is 11 a factor of 25619?
True
Is 3 a factor of 330738?
True
Does 181 divide 4520742?
False
Is 29 a factor of 1059422?
False
Is 200800 a multiple of 14?
False
Does 15 divide 17645782?
False
Is 1938560 a multiple of 65?
True
Is 215436 a multiple of 26?
True
Is 269 a factor of 182535?
False
Is 17 a factor of 333455?
True
Is 274 a factor of 565711?
False
Is 6484716 a multiple of 24?
False
Does 31 divide 975073?
False
Does 9 divide 3821518?
False
Is 16 a factor of 110544?
True
Is 590 a factor of 2700224?
False
Does 143 divide 491205?
True
Is 146 a factor of 2816924?
True
Does 19 divide 1124109?
False
Is 633789 a multiple of 64?
False
Is 95 a factor of 233239?
False
Is 2205 a factor of 22876875?
True
Is 10407511 a multiple of 71?
False
Is 19 a factor of 93822?
True
Is 269316 a multiple of 25?
False
Is 1014048 a multiple of 14?
True
Is 24701247 a multiple of 27?
True
Does 9 divide 4386105?
True
Does 357 divide 2449758?
False
Is 4482441 a multiple of 16?
False
Is 39898 a multiple of 14?
False
Does 13 divide 11099842?
True
Is 